 c + 3 = 0. List the prime factors of b.
103
Let f = 37 - 22. Suppose -2*b + f = b. What are the prime factors of b?
5
Suppose 0*x + 244 = 4*r - 4*x, -3*x - 67 = -r. Suppose -4*w = -r - 46. What are the prime factors of w?
2, 13
Let y be 1/((-2)/18 + 0). Let d = y + 10. Suppose d + 14 = 5*s. List the prime factors of s.
3
Let x be 24/9 + (-2)/3. Suppose -14 = x*n + 4. Let i = n + 19. List the prime factors of i.
2, 5
Suppose g - 3*g = 20. Let x = g - -12. List the prime factors of x.
2
Suppose 3*u - 6*u = -36. Let z be ((-3)/2)/((-9)/u). Suppose 0 = 4*h + 3*b - 5, b - 1 = z*b. What are the prime factors of h?
2
Suppose 2*n = 5*p + 317, -4*p + 776 = -3*n + 8*n. What are the prime factors of n?
2, 3, 13
Let g(r) = r**3 - 6*r**2 + 4*r + 7. Let f(a) = 3*a - 4. Suppose -c + 6 = d, 5*c + 3 = 4*d + 2*c. Let b be f(d). List the prime factors of g(b).
2
Let v = 6 - 2. Suppose 5*q - v*s = -s + 10, -15 = -2*q - s. Suppose -4*n - 30 = -5*d - q*n, -d + 17 = -2*n. What are the prime factors of d?
7
Suppose 2*q - 2*c + 3*c = 7, 3*q - 5*c = -22. Let l = 1 - q. Let o(t) = -t + 11. What are the prime factors of o(l)?
11
Let c = -16 + 28. Let z be (-2 - -4)/(-1)*3. Let o = z + c. List the prime factors of o.
2, 3
List the prime factors of 4/14 + 1292/133.
2, 5
Let u = 79 - -9. What are the prime factors of u?
2, 11
Suppose 5*l + 0*l - 369 = -2*a, -l + 75 = a. What are the prime factors of l?
73
Let p be (3/2)/(6/16). Suppose 0*j = 4*c - 2*j - 50, 23 = c - p*j. What are the prime factors of c?
11
Suppose -2*g - 8 = -0*g, 4*g = 2*n - 66. List the prime factors of n.
5
Suppose 0 = i - 4*i + 621. What are the prime factors of i?
3, 23
Let w(p) = -6*p - 13. What are the prime factors of w(-4)?
11
Let k = 9 - 4. Let m be (-26)/(-10) - (-2)/k. Suppose m = c - 1. List the prime factors of c.
2
Suppose 0 = -15*j + 2180 + 280. List the prime factors of j.
2, 41
Let m = -6 + 8. Suppose 1 = m*s - 9. What are the prime factors of s?
5
Suppose -2*j - 640 = -7*j. What are the prime factors of j?
2
Suppose -6*k = -7*k + 24. List the prime factors of k.
2, 3
Suppose 2*l - 3*o - 10 = 4, -4*l + 34 = -3*o. Suppose l*y - 5*y - 105 = 0. What are the prime factors of y?
3, 7
Suppose -12 = -4*q, 4*r - 6*q - 1607 = -3*q. What are the prime factors of r?
2, 101
Suppose -20 = 3*z - 7*z. Let u = 2 + -5. Let v = u + z. What are the prime factors of v?
2
Suppose -2*p + 5*h + 33 = 0, 4*p - 5*h - 14 = 27. Suppose -8 + 24 = p*i. List the prime factors of i.
2
Suppose -a - 4*a = -m - 1093, -227 = -a + 3*m. What are the prime factors of a?
2, 109
Let s = 18 - 27. Suppose -5*c = -2*c - 48. Let f = s + c. List the prime factors of f.
7
Let u = 18 + -10. List the prime factors of 2/u - (-166)/8.
3, 7
Let k = -1 + 17. List the prime factors of k.
2
Let q = 56 - 32. What are the prime factors of q?
2, 3
Let c = -2 + -12. Suppose -3*y = -79 - 8. Let x = c + y. What are the prime factors of x?
3, 5
Suppose 693 = 2*x - 5*s, 2*s - 3*s = 2*x - 723. What are the prime factors of x?
359
Let l(t) = 4*t**2 + 3*t - 4. Let z(i) = -9*i**2 - 5*i + 8. Let j(o) = -7*l(o) - 3*z(o). Let d be j(-6). Let w = d - -5. List the prime factors of w.
3
Suppose -2*n - 3*n = -195. What are the prime factors of n?
3, 13
Let o(v) = v**2 + 5*v - 9. Let i be o(-7). Let j(s) = 5 - s**3 + 4*s**2 + 0*s**2 - 2*s + 8*s. List the prime factors of j(i).
2, 5
Let p(f) = 3*f**3 + 3*f**2 - 3*f. Let a be p(2). What are the prime factors of ((-33)/6)/((-5)/a)?
3, 11
Suppose -s = -0*s + 5, s + 50 = 3*m. What are the prime factors of 8/20 - (-174)/m?
2, 3
Let p(w) = -w**3 - 4*w**2 + 5*w + 4. Let r be p(-5). Suppose 4 - 12 = -r*m. Suppose 0 = -4*z + 2*z + m*d + 18, -2*z + 16 = -d. List the prime factors of z.
7
Let f(o) = -o**3 + 25*o**2 - 29*o + 27. List the prime factors of f(23).
2, 11, 19
Let s = 135 + -58. List the prime factors of s.
7, 11
Let x(q) = 3*q**2 - q + 2. Let c be x(2). Suppose 2*w = -w + c. Let n(g) = 4*g - 6. List the prime factors of n(w).
2, 5
Let f(j) = -3*j - 2. Suppose 4 = -3*u - 2. List the prime factors of f(u).
2
Let h be (-48)/(-21) - 2/7. Suppose 6*x - 36 = h*x - 4*f, -45 = -5*x + 3*f. Let d = x + 1. What are the prime factors of d?
2, 5
Let h = 90 + -60. What are the prime factors of h?
2, 3, 5
Let m = 124 + -19. Suppose -4*l + m = -l. What are the prime factors of l?
5, 7
Suppose 5*c = -4*t + 1437, -c = 5*t - 3*t - 285. List the prime factors of c.
17
Suppose 0*r - 4 = 4*n - r, 4*n + r = -4. List the prime factors of (0 - -1)/(n/(-25)).
5
Let k = 5 - 6. Let c be k/3 - (-10)/(-6). What are the prime factors of (6 - 8)*7/c?
7
Let t(i) = -i**2 + 5*i - 1. Let d be t(4). Let v(w) = w**2 - 2*w + 3. What are the prime factors of v(d)?
2, 3
Let b = -10 - -14. Let q = 0 + b. Suppose s + 0*z + 1 = -q*z, 0 = s - z - 4. List the prime factors of s.
3
Let n(p) = -2*p + 3 + 0 + 3*p. What are the prime factors of n(0)?
3
Suppose 1 + 9 = 2*d. Suppose 7*t - d*t = 48. What are the prime factors of t?
2, 3
Suppose -4*s + 7 + 13 = 0. Let f = 5 - s. Suppose 4*u + 4 = -g - f, 3*u - 14 = -5*g. What are the prime factors of g?
2
Let l(i) = i**2 + 2*i - 5. Suppose -4*n + 11 - 27 = 0. Let z be l(n). Suppose z*m = -m + 64. List the prime factors of m.
2
Let b(a) = a**2 - 17*a + 9. Let p be b(16). Let u = 7 - p. List the prime factors of u.
2, 7
Suppose 3*g - 1 = -q + 1, 47 = 4*q - g. What are the prime factors of q?
11
Suppose 39 = -5*j - 61. Let k = j + 39. Let u = -11 + k. What are the prime factors of u?
2
Suppose 6 + 3 = 3*y. List the prime factors of y.
3
Suppose 0 = -3*c + 2*c. Suppose c = 4*w - 2*w - 4. What are the prime factors of w?
2
Suppose -h - 11 + 62 = 0. List the prime factors of h.
3, 17
Suppose 15*y - 10*y - 290 = 0. What are the prime factors of y?
2, 29
Let f = -8 + 8. Let w be -6*(f + (-2)/(-3)). List the prime factors of w/((-20)/(-3))*-25.
3, 5
Let f = -18 - -22. Suppose -5*h + s + 30 = 0, -f*h = 4*s - 44 - 4. What are the prime factors of h?
7
Let z = -202 + 290. What are the prime factors of z?
2, 11
Let i(p) = -p**2 + p + 67. List the prime factors of i(0).
67
List the prime factors of (-4)/(-22) + 4734/99.
2, 3
Let p be 3/9*(-1 + 7). Suppose 5*q = 3*y - 21, p*y - 4*q + 0*q - 12 = 0. What are the prime factors of y?
2, 3
Let d be -5*1*(-4)/(-10). What are the prime factors of (4 - 5)*(d + -17)?
19
Let r be ((-6)/4)/((-15)/(-80)). Let l = r + 13. What are the prime factors of l?
5
Let i = 12 - 11. Let z(d) = 23*d + 1. What are the prime factors of z(i)?
2, 3
Suppose 0 = 3*z - 136 - 170. What are the prime factors of z?
2, 3, 17
Let z(m) = m**3 - 2*m**2 - 1. What are the prime factors of z(3)?
2
List the prime factors of (-74)/(-6) + (-2)/(-3).
13
Let j = 336 - 231. List the prime factors of j.
3, 5, 7
Suppose -233 = -3*h + 286. What are the prime factors of h?
173
Suppose a + 2*a = -3*s + 276, 0 = 5*s + 2*a - 475. What are the prime factors of s?
97
Let n(s) = 3*s**3 + 3*s**2 - 2*s - 5. Let a be n(-2). Suppose -136 = -5*d - 2*j, -4*j + 7 = -5. Let f = a + d. List the prime factors of f.
13
Suppose -13*h - 190 = -18*h. What are the prime factors of h?
2, 19
Let k(p) = 4*p**3 + 7*p**2 - 2*p + 2. Let b(d) = 3*d**3 + 6*d**2 - 2*d + 3. Let r(h) = -3*b(h) + 2*k(h). What are the prime factors of r(-5)?
2, 5
Let o = 45 + 40. What are the prime factors of o?
5, 17
Suppose -5 = -3*y + 2*z, -y + 3 = -5*z - 16. List the prime factors of (y - (-32)/(-6))*-3.
19
Let h be 97/4 + 1/(-4). Suppose 2*b - 4*c - h = 0, -b + 4*c = 2*b - 34. List the prime factors of b.
2, 5
Let w = 23 - 18. Let p be (1 - -2) + 0/(-1). What are the prime factors of (13 + 2)*p/w?
3
Suppose 4*r + 14 = 54. What are the prime factors of r?
2, 5
Let z(p) = -p. Let q(y) = -20*y. Let v(f) = -q(f) + 15*z(f). List the prime factors of v(2).
2, 5
Let s(r) = 3*r**3 - 6*r**2 + 10*r + 9. What are the prime factors of s(5)?
2, 71
Let k = -531 + 837. What are the prime factors of k?
2, 3, 17
Let k(p) be the third derivative of -p**6/120 + p**5/60 + 19*p**3/6 + 2*p**2. List the prime factors of k(0).
19
Let h = 12 + 5. Let y = 7 - h. What are the prime factors of (0 + 4/y)*-25?
2, 5
Let v be (2/4)/(2/20). Let m(t) = t**3 - 6*t**2 + 8*t - 7. What are the prime factors of m(v)?
2
Suppose 2*c = -2*c + 8. Suppose 0 = -c*j - j + 6. Suppose 3*z + j*s - 55 = -2*z, 4*z = -2*s